{"id":537,"date":"2018-01-08T23:26:21","date_gmt":"2018-01-09T03:26:21","guid":{"rendered":"http:\/\/sarraf.cl\/Web\/?post_type=product&#038;p=537"},"modified":"2020-05-11T16:54:25","modified_gmt":"2020-05-11T20:54:25","slug":"sistema-gps-con-monitoreo-remoto-gprsgsm-para-vehiculos","status":"publish","type":"product","link":"http:\/\/sarraf.cl\/Web\/producto\/sistema-gps-con-monitoreo-remoto-gprsgsm-para-vehiculos\/","title":{"rendered":"SISTEMA GPS CON MONITOREO REMOTO GPRS\/GSM PARA VEHICULOS"},"content":{"rendered":"<p><strong>CONTROL DE FLOTAS DE \u00a0\u00a0\u00a0\u00a0VEHICULOS<\/strong><\/p>\n<p><strong>\u00a0<\/strong><\/p>\n<p><strong>El mejor servicio para controlar y proteger sus veh\u00edculos en todo momento<\/strong><\/p>\n<p><strong>GPS SARRAF<\/strong>\u00a0es un completo servicio que permite a empresas y personas, controlar, localizar y proteger sus veh\u00edculos a trav\u00e9s de m\u00faltiples soluciones.<\/p>\n<p>&nbsp;<\/p>\n<p>SOLUCIO\u0301N TRANSVERSAL CON EQUIPOS GPS DE U\u0301LTIMA GENERACIO\u0301N. IDEAL PARA SEGUIMIENTO EN TIEMPO REAL DE TODO TIPO DE VEHI\u0301CULOS.<\/p>\n<p>RASTREADOR COMPACTO, IMPERMEABLE, ANTI POLVO CON ANTENAS GPS\/GLONASS Y GSM EXTERNAS, Y BATERI\u0301A INTERNA CON DURACION DE 6 HORAS.<\/p>\n<p>GPS TODO TERRENO es un terminal liviano con GPS y conectividad GSM, que es capaz de obtener coordenadas y otros datos \u00fatiles y enviarlos a trav\u00e9s de la red GSM. Usted puede seguir su veh\u00edculo (camiones, autos, etc) remotamente, r\u00e1pido y f\u00e1cilmente a trav\u00e9s de nuestra plataforma especialmente dise\u00f1ada para este tipo de rastreador.<\/p>\n<p><strong>\u00a0<\/strong><\/p>\n<p>Protege tu inversi\u00f3n conociendo la ubicaci\u00f3n de tu veh\u00edculo. Indispensable para el control de flotas vehiculares.<\/p>\n<p>&nbsp;<\/p>\n<p>GPS Tracker System es un dispositivo que permite el seguimiento de veh\u00edculos a trav\u00e9s de posicionamiento GPS y la red de datos GSM\/GPRS, estableciendo m\u00faltiples funciones de seguridad, posicionamiento, rastreo vehicular GPS, vigilancia remota, alarma de emergencia.<\/p>\n<p>&nbsp;<\/p>\n<p>&nbsp;<\/p>\n<p><strong>FUNCIONES<\/strong><\/p>\n<p>Soporta posicionamiento a trav\u00e9s de GPS y GSM<\/p>\n<p>Se puede visualizar desde mensajer\u00eda de texto SMS, GPRS y red de Internet<\/p>\n<p>&nbsp;<\/p>\n<p>Soporta modo de apagado por SMS y GPRS<\/p>\n<p>Bot\u00f3n SOS desde el interior del veh\u00edculo envi\u00e1ndose un mensaje de alerta, al sistema de plataforma el cu\u00e1l en pantalla indicar{a la emergencia con las coordenadas y mapa..<\/p>\n<p>Incluye bater\u00eda, para tener autonom\u00eda si cortan el suministro de corriente del veh\u00edculo.<\/p>\n<p>&nbsp;<\/p>\n<p>Env\u00eda informaci\u00f3n de:<\/p>\n<p>Posici\u00f3n geogr\u00e1fica del veh\u00edculo<\/p>\n<p>Velocidad de desplazamiento<\/p>\n<p>Se\u00f1al de p\u00e1nico o SOS para advertir de alg\u00fan percance<\/p>\n<p>Consumo de combustible (adicional sensor de estanque)<\/p>\n<p>Temperatura del motor (adicional sensor)<\/p>\n<p>Sensor de presi\u00f3n de aceite (adicional y seg\u00fan modelo de GPS )<\/p>\n<p>Apertura de puertas (seg\u00fan el modelo del veh\u00edculo)<\/p>\n<p>Encendido motor<\/p>\n<p>&nbsp;<\/p>\n<p>Activa las siguientes acciones:<\/p>\n<p>Paralizaci\u00f3n y bloqueo del veh\u00edculo por corta corriente activado por mensaje de texto<\/p>\n<p>Desbloqueo del veh\u00edculo<\/p>\n<p>Alarma por aumento de una velocidad configurada<\/p>\n<p>Alarma por traspaso de un l\u00edmite espacial configurado ( Zonas Geo )<\/p>\n<p>&nbsp;<\/p>\n<p><strong>Incluye:<\/strong><\/p>\n<p>&nbsp;<\/p>\n<p>1 GPS tracker<\/p>\n<p>1 Antena GSM<\/p>\n<p>1 Antena GPS<\/p>\n<p>1 Rel\u00e9 para el cortacorriente<\/p>\n<p>1 Kits cables de conexi\u00f3n.<\/p>\n<p>&nbsp;<\/p>\n<p><strong>CONSULTE DISPONIBILIDAD Y VALORES DE ESTE PRODUCTO AL SIGUIENTE CORREO<\/strong><\/p>\n<p><strong>ventas@sarraf.cl<\/strong><\/p>\n","protected":false},"excerpt":{"rendered":"<p>CONTROL DE FLOTAS DE \u00a0\u00a0\u00a0\u00a0VEHICULOS \u00a0 El mejor servicio para controlar y proteger sus veh\u00edculos en todo momento GPS SARRAF\u00a0es un completo servicio que permite a empresas y personas, controlar, localizar y proteger sus veh\u00edculos a trav\u00e9s de m\u00faltiples soluciones. &nbsp; SOLUCIO\u0301N TRANSVERSAL CON EQUIPOS GPS DE U\u0301LTIMA GENERACIO\u0301N. IDEAL PARA SEGUIMIENTO EN TIEMPO REAL [&hellip;]<\/p>\n","protected":false},"featured_media":538,"comment_status":"open","ping_status":"closed","template":"","meta":[],"_links":{"self":[{"href":"http:\/\/sarraf.cl\/Web\/wp-json\/wp\/v2\/product\/537"}],"collection":[{"href":"http:\/\/sarraf.cl\/Web\/wp-json\/wp\/v2\/product"}],"about":[{"href":"http:\/\/sarraf.cl\/Web\/wp-json\/wp\/v2\/types\/product"}],"replies":[{"embeddable":true,"href":"http:\/\/sarraf.cl\/Web\/wp-json\/wp\/v2\/comments?post=537"}],"wp:featuredmedia":[{"embeddable":true,"href":"http:\/\/sarraf.cl\/Web\/wp-json\/wp\/v2\/media\/538"}],"wp:attachment":[{"href":"http:\/\/sarraf.cl\/Web\/wp-json\/wp\/v2\/media?parent=537"}],"curies":[{"name":"wp","href":"https:\/\/api.w.org\/{rel}","templated":true}]}}