{"id":526,"date":"2017-09-13T22:35:35","date_gmt":"2017-09-14T02:35:35","guid":{"rendered":"http:\/\/sarraf.cl\/Web\/?post_type=product&#038;p=526"},"modified":"2020-04-16T14:21:12","modified_gmt":"2020-04-16T18:21:12","slug":"repetidor-kenwood-nxr-810k-vhffm-digital","status":"publish","type":"product","link":"http:\/\/sarraf.cl\/Web\/producto\/repetidor-kenwood-nxr-810k-vhffm-digital\/","title":{"rendered":"REPETIDOR KENWOOD NXR-810K UHF\/FM ( DIGITAL )"},"content":{"rendered":"<p>REPETIDOR UHF\/FM RANGO: 450-520 MHZ<\/p>\n<p>&#8211; Modo Mixto.<br \/>\n&#8211; Exploraci\u00f3n de canales en operaci\u00f3n base (Convencional).<br \/>\n&#8211; Pantalla LED de 2 d\u00edgitos.<br \/>\n&#8211; Indicadores de estado.<br \/>\n&#8211; 6 Teclas de funci\u00f3n programables.<br \/>\n&#8211; Bocina de 4 W en Panel Frontal .<br \/>\n&#8211; Control de Volumen.<br \/>\n&#8211; Conector para Micr\u00f3fono.<br \/>\n&#8211; Interfaz para programaci\u00f3n, m\u00f3dem y t\u00e9rminal remota.<br \/>\n&#8211; Puertos de Entradas\/Salidas programables.<br \/>\n&#8211; Control de teclas frontales, control de salida auxiliar y monitoreo de entrada auxiliar por DTMF.<br \/>\n&#8211; Programable por Software KPG-129D.<br \/>\n&#8211; Memoria flash para actualizaci\u00f3n de firmware.<br \/>\n&#8211; Nexedge 6.5 KHz.<\/p>\n<p><b>Modo Convencional FM.<\/b><br \/>\n&#8211; Canales de 25 y 12.5 KHz.<br \/>\n&#8211; Panel Comunitario interconstruido, para 16 tonos CTCSS \/ DCS.<br \/>\n&#8211; Interfaz para controlador externo (panel de tonos, etc).<br \/>\n&#8211; Temporizador de transmisi\u00f3n.<br \/>\n&#8211; Generaci\u00f3n de tono EIA para Voting.<\/p>\n<p><b>Caracteristicas Digitales.<\/b><br \/>\n&#8211; Interfaz Digital NXDN.<br \/>\n&#8211; VOCODER AMBE+2.<br \/>\n&#8211; Canales de 12.5 y 6.25 kHz.<br \/>\n&#8211; Encripci\u00f3n NXDN interconstruida.<\/p>\n<p><strong>Modo Trunking tipo D (KWD-10DTR)<\/strong><br \/>\n&#8211; No requiere canal de control dedicado<br \/>\n&#8211; Capacidad para 30 canales<br \/>\n&#8211; Validaci\u00f3n de n\u00famero de serie electronico<br \/>\n&#8211; Compatible con sistemas trunking de Icom<br \/>\n&#8211; Llamadas de grupo, individuales y generales<br \/>\n&#8211; Mensajer\u00eda<br \/>\n&#8211; Costos verdaderamente bajos<br \/>\n&#8211; Monositio<\/p>\n<p><b>Modo Convencional &#8211; Digital<\/b><br \/>\n&#8211; Operaci\u00f3n mixta Digital\/FM An\u00e1logo.<br \/>\n&#8211; Panel comunitario interconstruido para 16 RAN.<br \/>\n&#8211; 1000 IDs de Grupo e Individuales para uso del Repetidor.<br \/>\n&#8211; Env\u00edo de alias por aire (Como Estaci\u00f3n Base).<\/p>\n<p><b>Multisitio Convencional Digital:<\/b><br \/>\n\u2022 Enlace hasta 48 sitios por IP (req. KTI-3).<br \/>\n\u2022 Para uso por internet es necesario configurar una VPN (consulte con el departamento de ingenier\u00eda)<\/p>\n<p><strong>CONSULTE DISPONIBILIDAD Y VALORES DE ESTE PRODUCTO AL SIGUIENTE CORREO<\/strong><\/p>\n<p><strong>ventas@sarraf.cl<\/strong><\/p>\n","protected":false},"excerpt":{"rendered":"<p>REPETIDOR UHF\/FM RANGO: 450-520 MHZ &#8211; Modo Mixto. &#8211; Exploraci\u00f3n de canales en operaci\u00f3n base (Convencional). &#8211; Pantalla LED de 2 d\u00edgitos. &#8211; Indicadores de estado. &#8211; 6 Teclas de funci\u00f3n programables. &#8211; Bocina de 4 W en Panel Frontal . &#8211; Control de Volumen. &#8211; Conector para Micr\u00f3fono. &#8211; Interfaz para programaci\u00f3n, m\u00f3dem y [&hellip;]<\/p>\n","protected":false},"featured_media":525,"comment_status":"open","ping_status":"closed","template":"","meta":[],"_links":{"self":[{"href":"http:\/\/sarraf.cl\/Web\/wp-json\/wp\/v2\/product\/526"}],"collection":[{"href":"http:\/\/sarraf.cl\/Web\/wp-json\/wp\/v2\/product"}],"about":[{"href":"http:\/\/sarraf.cl\/Web\/wp-json\/wp\/v2\/types\/product"}],"replies":[{"embeddable":true,"href":"http:\/\/sarraf.cl\/Web\/wp-json\/wp\/v2\/comments?post=526"}],"wp:featuredmedia":[{"embeddable":true,"href":"http:\/\/sarraf.cl\/Web\/wp-json\/wp\/v2\/media\/525"}],"wp:attachment":[{"href":"http:\/\/sarraf.cl\/Web\/wp-json\/wp\/v2\/media?parent=526"}],"curies":[{"name":"wp","href":"https:\/\/api.w.org\/{rel}","templated":true}]}}