{"id":497,"date":"2017-09-11T22:50:50","date_gmt":"2017-09-12T02:50:50","guid":{"rendered":"http:\/\/sarraf.cl\/Web\/?post_type=product&#038;p=497"},"modified":"2020-04-16T15:09:35","modified_gmt":"2020-04-16T19:09:35","slug":"movil-kenwood-tk-8360k-uhffm","status":"publish","type":"product","link":"http:\/\/sarraf.cl\/Web\/producto\/movil-kenwood-tk-8360k-uhffm\/","title":{"rendered":"MOVIL KENWOOD TK-8360K UHF\/FM"},"content":{"rendered":"<p>512 Canales. Convencional o Troncal LTR<\/p>\n<p>Caracter\u00edsticas<br \/>\nRango de Frecuencia :<br \/>\nVHF 450-520 MHz<\/p>\n<p>-Encripci\u00f3n de voz. S\u00f3lo programelo<br \/>\n-Pantalla de 12 caracteres alfanum\u00e9ricos matrizados<br \/>\n-Conector de accesorios DB-25 con capacidad de transmisi\u00f3n de datos<br \/>\n-Opc\u00edon de tarjeta de grabaci\u00f3n<br \/>\n-Modem interno para Sistemas GPS<br \/>\n-Cumple con las especificaciones militares MIL STD 810 C\/D\/E<br \/>\n-Aprobado por FCC<br \/>\n-Se\u00f1alizaci\u00f3n Digital FleetSync (Velocidad de 1200\/2400bps)<br \/>\n-Identificador autom\u00e1tico (PTT ID)<br \/>\n-Llamada Selectiva, de Grupo y General<br \/>\n-Capacidad de env\u00edo de hasta 50 mensajes de estado<br \/>\npregrabados (16 caracteres)<br \/>\n-Recepci\u00f3n de mensajes cortos de texto (48 caracteres)<br \/>\n-Capacidad de conexi\u00f3n a PC<br \/>\n-Env\u00edo de mensajes de encendido y apagado del equipo de radio<\/p>\n<p>Se\u00f1alizaci\u00f3n DTMF<br \/>\nSe\u00f1alizacion MDC-1200 (Req. Firmware)<br \/>\nSe\u00f1alizaci\u00f3n FLEETSYNC<\/p>\n<p><strong>CONSULTE DISPONIBILIDAD Y VALORES DE ESTE PRODUCTO AL SIGUIENTE CORREO<\/strong><\/p>\n<p><strong>ventas@sarraf.cl<\/strong><\/p>\n","protected":false},"excerpt":{"rendered":"<p>512 Canales. Convencional o Troncal LTR Caracter\u00edsticas Rango de Frecuencia : VHF 450-520 MHz -Encripci\u00f3n de voz. S\u00f3lo programelo -Pantalla de 12 caracteres alfanum\u00e9ricos matrizados -Conector de accesorios DB-25 con capacidad de transmisi\u00f3n de datos -Opc\u00edon de tarjeta de grabaci\u00f3n -Modem interno para Sistemas GPS -Cumple con las especificaciones militares MIL STD 810 C\/D\/E -Aprobado [&hellip;]<\/p>\n","protected":false},"featured_media":496,"comment_status":"open","ping_status":"closed","template":"","meta":[],"_links":{"self":[{"href":"http:\/\/sarraf.cl\/Web\/wp-json\/wp\/v2\/product\/497"}],"collection":[{"href":"http:\/\/sarraf.cl\/Web\/wp-json\/wp\/v2\/product"}],"about":[{"href":"http:\/\/sarraf.cl\/Web\/wp-json\/wp\/v2\/types\/product"}],"replies":[{"embeddable":true,"href":"http:\/\/sarraf.cl\/Web\/wp-json\/wp\/v2\/comments?post=497"}],"wp:featuredmedia":[{"embeddable":true,"href":"http:\/\/sarraf.cl\/Web\/wp-json\/wp\/v2\/media\/496"}],"wp:attachment":[{"href":"http:\/\/sarraf.cl\/Web\/wp-json\/wp\/v2\/media?parent=497"}],"curies":[{"name":"wp","href":"https:\/\/api.w.org\/{rel}","templated":true}]}}