{"id":397,"date":"2017-08-09T19:16:49","date_gmt":"2017-08-09T23:16:49","guid":{"rendered":"http:\/\/sarraf.cl\/Web\/?post_type=product&#038;p=397"},"modified":"2020-05-07T16:48:58","modified_gmt":"2020-05-07T20:48:58","slug":"portatil-kenwood-nx-3220k3-digital-vhffm","status":"publish","type":"product","link":"http:\/\/sarraf.cl\/Web\/producto\/portatil-kenwood-nx-3220k3-digital-vhffm\/","title":{"rendered":"PORTATIL KENWOOD NX-3220K3 DIGITAL VHF\/FM"},"content":{"rendered":"<p><strong>Caracter\u00edsticas Destacadas<\/strong><\/p>\n<ul>\n<li>Rango: 136\/174 Mhz<\/li>\n<li>Operaci\u00f3n multiprotocolo digital NXDN o DMR y FM anal\u00f3gico.<\/li>\n<li>NXDN opera en modo convencional y troncal tipo C incluyendo Gen2.<\/li>\n<li>DMR opera en Tier I y II.<\/li>\n<li>Modo mezclado digital\/anal\u00f3gico permitiendo migrar gradualmente.<\/li>\n<li>4 l\u00edneas de informaci\u00f3n en pantalla, incluyendo \u00edconos y 14 caracteres.<\/li>\n<li>Barra indicadora de estatus con luz LED de 7 colores distintos en la parte\u00a0superior.<\/li>\n<li>Teclado de 4 v\u00edas direccionales para control eficiente de funciones.<\/li>\n<li>GPS interconstruido (no requiere accesorios adicionales).<\/li>\n<li>Bluetooth interconstruido.<\/li>\n<li>Grabaci\u00f3n de llamadas.<\/li>\n<li>Cancelaci\u00f3n de ruido activo (ANR) que utiliza un DSP interconstruido.<\/li>\n<li>Encriptaci\u00f3n de voz opcional de alto nivel DES\/AES.<\/li>\n<li>Sensor de movimiento para hombre ca\u00eddo, movimiento y estacionario.<\/li>\n<li>Cumple IP67 sumergible (con cubierta del puerto de accesorios).<\/li>\n<li>Cumple MIL-STD-810 C\/D\/E\/F\/G.<\/li>\n<li>M\u00e9nsula de metal con sujeci\u00f3n al chas\u00eds.<\/li>\n<\/ul>\n<p><img decoding=\"async\" src=\"https:\/\/ftp3.syscom.mx\/usuarios\/fotos\/NX3220K\/137432-barra_nx-3000.png\" alt=\"\" \/><\/p>\n<p><strong>Caracter\u00edsticas Generales<\/strong><\/p>\n<ul>\n<li>Operaci\u00f3n del equipo con anunciamiento por voz.<\/li>\n<li>1 Watt de potencia de audio.<\/li>\n<li>Extenso ancho de banda de 120 MHz en el modelo UHF<\/li>\n<li>260 canales\/128 zonas (64 canales en el modelo sin pantalla).<\/li>\n<li>Opci\u00f3n disponible para 1,000 canales.<\/li>\n<li>Versi\u00f3n opcional intr\u00ednsecamente seguro (pr\u00f3ximamente).<\/li>\n<li>Opci\u00f3n de programaci\u00f3n v\u00eda Bluetooth.<\/li>\n<li>Trabajador solitario.<\/li>\n<li>Mensajes de texto.<\/li>\n<li>Funcion opcional de administrador remoto para Stun\/Kill\/Check\/<\/li>\n<li>Monitoreo Remoto.<\/li>\n<li>Funci\u00f3n opcional de programaci\u00f3n en el panel del radio.<\/li>\n<\/ul>\n<p><strong>Modo FM An\u00e1logico<\/strong><\/p>\n<ul>\n<li>Operaci\u00f3n en modo convencional y troncal LTR.<\/li>\n<li>Se\u00f1alizaci\u00f3n FleetSync; env\u00edo e identificaci\u00f3n de ID en pantalla y mensajes\u00a0de texto.<\/li>\n<li>Se\u00f1alizaci\u00f3n MDC-1200; env\u00edo e identificaci\u00f3n de ID en pantalla, llamada\u00a0individual y de emergencia.<\/li>\n<li>QT\/DQT, 2 tonos\/DTMF.<\/li>\n<li>Inversi\u00f3n de voz mediante Scrambler.<\/li>\n<\/ul>\n<p><strong>M<\/strong><strong>od<\/strong><strong>o Digital\u00a0<\/strong><strong>NXDN \u00a0\u00a0<img decoding=\"async\" src=\"https:\/\/ftp3.syscom.mx\/usuarios\/fotos\/NX3220K\/137432-nxdn.png\" alt=\"\" \/><\/strong><\/p>\n<ul>\n<li>Operaci\u00f3n en modo convencional.<\/li>\n<li>Operaci\u00f3n en modo troncal Tipo C y Gen2 opcional.<\/li>\n<li>Encriptaci\u00f3n inclu\u00edda con m\u00e1s de 32,000 c\u00f3digos de seguridad.<\/li>\n<li>Llamada individual, de grupo y emergencia.<\/li>\n<li>Mensajer\u00eda.<\/li>\n<li>Canales en 6.25 y 12.5 kHz.<\/li>\n<li>Env\u00edo de alias v\u00eda aire (no requiere un listado para identificar en\u00a0pantalla).<\/li>\n<li>Reprogramaci\u00f3n v\u00eda aire (OTAP)(opcional).<\/li>\n<\/ul>\n<p>&nbsp;<\/p>\n<div><strong>Modo Digital DMR \u00a0\u00a0<img decoding=\"async\" src=\"https:\/\/ftp3.syscom.mx\/usuarios\/fotos\/NX3220K\/137432-dmr.png\" alt=\"\" \/><\/strong><\/div>\n<ul>\n<li>Cumple los est\u00e1ndares de ETSI DMR Tier II.<\/li>\n<li>2 slots con TDMA en canales de 12.5 kHz.<\/li>\n<li>Interrupci\u00f3n de llamada (para radios Kenwood).<\/li>\n<li>Roaming.<\/li>\n<li>Doble ranura en modo directo.<\/li>\n<li>Encriptaci\u00f3n ARC4 (opcional).<\/li>\n<li>Eficiencia de energ\u00eda.<\/li>\n<li><\/li>\n<li><\/li>\n<li><strong>CONSULTE DISPONIBILIDAD Y VALORES DE ESTE PRODUCTO AL SIGUIENTE CORREO<\/strong><strong>ventas@sarraf.cl<\/strong><\/li>\n<\/ul>\n","protected":false},"excerpt":{"rendered":"<p>Caracter\u00edsticas Destacadas Rango: 136\/174 Mhz Operaci\u00f3n multiprotocolo digital NXDN o DMR y FM anal\u00f3gico. NXDN opera en modo convencional y troncal tipo C incluyendo Gen2. DMR opera en Tier I y II. Modo mezclado digital\/anal\u00f3gico permitiendo migrar gradualmente. 4 l\u00edneas de informaci\u00f3n en pantalla, incluyendo \u00edconos y 14 caracteres. Barra indicadora de estatus con luz [&hellip;]<\/p>\n","protected":false},"featured_media":398,"comment_status":"open","ping_status":"closed","template":"","meta":[],"_links":{"self":[{"href":"http:\/\/sarraf.cl\/Web\/wp-json\/wp\/v2\/product\/397"}],"collection":[{"href":"http:\/\/sarraf.cl\/Web\/wp-json\/wp\/v2\/product"}],"about":[{"href":"http:\/\/sarraf.cl\/Web\/wp-json\/wp\/v2\/types\/product"}],"replies":[{"embeddable":true,"href":"http:\/\/sarraf.cl\/Web\/wp-json\/wp\/v2\/comments?post=397"}],"wp:featuredmedia":[{"embeddable":true,"href":"http:\/\/sarraf.cl\/Web\/wp-json\/wp\/v2\/media\/398"}],"wp:attachment":[{"href":"http:\/\/sarraf.cl\/Web\/wp-json\/wp\/v2\/media?parent=397"}],"curies":[{"name":"wp","href":"https:\/\/api.w.org\/{rel}","templated":true}]}}