{"id":373,"date":"2017-08-09T17:37:34","date_gmt":"2017-08-09T21:37:34","guid":{"rendered":"http:\/\/sarraf.cl\/Web\/?post_type=product&#038;p=373"},"modified":"2020-04-16T17:04:24","modified_gmt":"2020-04-16T21:04:24","slug":"consola-de-despacho-real-ptt-para-equipos-tesunho-ip","status":"publish","type":"product","link":"http:\/\/sarraf.cl\/Web\/producto\/consola-de-despacho-real-ptt-para-equipos-tesunho-ip\/","title":{"rendered":"CONSOLA DE DESPACHO REAL PTT PARA EQUIPOS TESUNHO IP"},"content":{"rendered":"<p><u>Conoce las ventajas de esta tecnolog\u00eda de Radios IP<\/u><\/p>\n<p>1.- Cobertura Nacional, mediante la red de datos m\u00f3viles de una compa\u00f1\u00eda de\u00a0\u00a0\u00a0\u00a0\u00a0 tel\u00e9fonos Celular (Cada radio utiliza una sim card de datos m\u00f3viles)<\/p>\n<p>2.- Se pueden realizar llamadas de grupo o llamadas privadas<\/p>\n<p>3.- Cada equipo cuenta con GPS incorporado<\/p>\n<p>4.- Software REAL PTT (Consola de despacho) para utilizar el computador como radio, realizar llamadas de grupo, llamadas privadas, escuchar las grabaciones de audio, ver ubicaci\u00f3n de los radios mediante GPS, ver recorrido de cada radio por fecha y hora y enviar mensajes cortos a cada radio (solo para modelo TH-388), todo desde su computador aprovechando las utilidades de multimedia.<\/p>\n<p>VALOR MENSUAL PLATAFORMA 1,4 UF + IVA<\/p>\n<p><strong>CONSULTE DISPONIBILIDAD Y VALORES DE ESTE PRODUCTO AL SIGUIENTE CORREO<\/strong><\/p>\n<p><strong>ventas@sarraf.cl<\/strong><\/p>\n","protected":false},"excerpt":{"rendered":"<p>Conoce las ventajas de esta tecnolog\u00eda de Radios IP 1.- Cobertura Nacional, mediante la red de datos m\u00f3viles de una compa\u00f1\u00eda de\u00a0\u00a0\u00a0\u00a0\u00a0 tel\u00e9fonos Celular (Cada radio utiliza una sim card de datos m\u00f3viles) 2.- Se pueden realizar llamadas de grupo o llamadas privadas 3.- Cada equipo cuenta con GPS incorporado 4.- Software REAL PTT (Consola [&hellip;]<\/p>\n","protected":false},"featured_media":374,"comment_status":"open","ping_status":"closed","template":"","meta":[],"_links":{"self":[{"href":"http:\/\/sarraf.cl\/Web\/wp-json\/wp\/v2\/product\/373"}],"collection":[{"href":"http:\/\/sarraf.cl\/Web\/wp-json\/wp\/v2\/product"}],"about":[{"href":"http:\/\/sarraf.cl\/Web\/wp-json\/wp\/v2\/types\/product"}],"replies":[{"embeddable":true,"href":"http:\/\/sarraf.cl\/Web\/wp-json\/wp\/v2\/comments?post=373"}],"wp:featuredmedia":[{"embeddable":true,"href":"http:\/\/sarraf.cl\/Web\/wp-json\/wp\/v2\/media\/374"}],"wp:attachment":[{"href":"http:\/\/sarraf.cl\/Web\/wp-json\/wp\/v2\/media?parent=373"}],"curies":[{"name":"wp","href":"https:\/\/api.w.org\/{rel}","templated":true}]}}