{"id":368,"date":"2017-08-09T16:31:49","date_gmt":"2017-08-09T20:31:49","guid":{"rendered":"http:\/\/sarraf.cl\/Web\/?post_type=product&#038;p=368"},"modified":"2020-04-16T17:05:40","modified_gmt":"2020-04-16T21:05:40","slug":"movil-tesunho-tm-980-ip","status":"publish","type":"product","link":"http:\/\/sarraf.cl\/Web\/producto\/movil-tesunho-tm-980-ip\/","title":{"rendered":"MOVIL TESUNHO TM-980 IP"},"content":{"rendered":"<p><strong>EQUIPO SOLO PARA MODALIDAD DE ARRIENDO<\/strong><\/p>\n<p>&nbsp;<\/p>\n<p>Pantalla Lcd con 128&#215;32 p\u00edxeles<\/p>\n<p>Funci\u00f3n ACC<\/p>\n<p>Funci\u00f3n APRS<\/p>\n<p>Funci\u00f3n SOS<\/p>\n<p>Rotacion de pantalla<\/p>\n<p>La interfaz amigable muestra la informaci\u00f3n de la llamada<\/p>\n<p>Funci\u00f3n GPS<\/p>\n<p>Llamadas privadas, Llamadas de grupo<\/p>\n<p>WCDMA: Band 1 : 2100M\u00a0Band 5 : 850M(optional)Band 8 : 900M<em>\u00a0<\/em><\/p>\n<p>GSM: GSM\/GPRS :\u00a0GSM\/GPRS :<em>\u00a0<\/em>900M \/1800M\u00a0850M \/1900M<\/p>\n<p>Dimensiones: 38\u00a0(H) \u00d792 (W) \u00d7118\u00a0(L) mm<\/p>\n<p>Peso: 280 g<\/p>\n<p>VALOR ARRIENDO MENSUAL 1,4 UF + IVA<\/p>\n<p><strong>CONSULTE DISPONIBILIDAD Y VALORES DE ESTE PRODUCTO AL SIGUIENTE CORREO<\/strong><\/p>\n<p><strong>ventas@sarraf.cl<\/strong><\/p>\n","protected":false},"excerpt":{"rendered":"<p>EQUIPO SOLO PARA MODALIDAD DE ARRIENDO &nbsp; Pantalla Lcd con 128&#215;32 p\u00edxeles Funci\u00f3n ACC Funci\u00f3n APRS Funci\u00f3n SOS Rotacion de pantalla La interfaz amigable muestra la informaci\u00f3n de la llamada Funci\u00f3n GPS Llamadas privadas, Llamadas de grupo WCDMA: Band 1 : 2100M\u00a0Band 5 : 850M(optional)Band 8 : 900M\u00a0 GSM: GSM\/GPRS :\u00a0GSM\/GPRS :\u00a0900M \/1800M\u00a0850M \/1900M Dimensiones: [&hellip;]<\/p>\n","protected":false},"featured_media":369,"comment_status":"open","ping_status":"closed","template":"","meta":[],"_links":{"self":[{"href":"http:\/\/sarraf.cl\/Web\/wp-json\/wp\/v2\/product\/368"}],"collection":[{"href":"http:\/\/sarraf.cl\/Web\/wp-json\/wp\/v2\/product"}],"about":[{"href":"http:\/\/sarraf.cl\/Web\/wp-json\/wp\/v2\/types\/product"}],"replies":[{"embeddable":true,"href":"http:\/\/sarraf.cl\/Web\/wp-json\/wp\/v2\/comments?post=368"}],"wp:featuredmedia":[{"embeddable":true,"href":"http:\/\/sarraf.cl\/Web\/wp-json\/wp\/v2\/media\/369"}],"wp:attachment":[{"href":"http:\/\/sarraf.cl\/Web\/wp-json\/wp\/v2\/media?parent=368"}],"curies":[{"name":"wp","href":"https:\/\/api.w.org\/{rel}","templated":true}]}}