{"id":1551,"date":"2023-03-12T20:42:11","date_gmt":"2023-03-13T00:42:11","guid":{"rendered":"http:\/\/sarraf.cl\/Web\/?post_type=product&#038;p=1551"},"modified":"2023-03-12T20:42:11","modified_gmt":"2023-03-13T00:42:11","slug":"portatil-kenwood-vhf-nx-1200nk-64-canales","status":"publish","type":"product","link":"http:\/\/sarraf.cl\/Web\/producto\/portatil-kenwood-vhf-nx-1200nk-64-canales\/","title":{"rendered":"PORTATIL KENWOOD VHF NX-1200NK 64 CANALES"},"content":{"rendered":"<p>PORTATIL KENWOOD VHF NX-1200NK 64 CANALES<\/p>\n<p>&nbsp;<\/p>\n<p>Transceptor port\u00e1til digital NXDN y anal\u00f3gico. Sin pantalla. Rango 136-174 MHz, 5 Watts, 64 canales, roaming, encriptaci\u00f3n, incluye antena, bater\u00eda 2000mAh, cargador de mesa y clip de cintur\u00f3n.<\/p>\n<ul>\n<li>Soporta Pseudo-Trunking (selecci\u00f3n del primer slot disponible).<\/li>\n<li>Encripci\u00f3n ARC4 Opcional por una licencia (Compatible con MotoTrbo).<\/li>\n<li>S\u00faper precio en versi\u00f3n con pantalla.<\/li>\n<li>Soporte NXDN\/DMR (Por programaci\u00f3n, s\u00faper sencillo).<\/li>\n<li>MISMOS Accesorios de NX340, TK-2402, TK-2312 (Sin tirar accesorios!).<\/li>\n<\/ul>\n<h4>Caracter\u00edsticas Generales:<\/h4>\n<ul>\n<li>Opera protocolo digital NXDN\u2122 o DMR. La versi\u00f3n NK es digital NXDN.<\/li>\n<li>Modo mezclado digital\/anal\u00f3gico.<\/li>\n<li>Versiones disponibles: \u2013 Sin pantalla y 2 teclas programables \u2013 Con pantalla y 9 teclas programables.<\/li>\n<li>Pantalla altamente visible e intuitiva: \u2013 8 caracteres. \u2013 Alto contraste. \u2013 Luz de fondo blanca.<\/li>\n<li>Canales y zonas: \u2013 64 canales y 4 zonas versi\u00f3n sin pantalla. \u2013 260 canales y 128 zonas versi\u00f3n con pantalla.<\/li>\n<li>Extenso LED de 7 colores: \u2013 Encendido. \u2013 Alerta de llamadas selectivas. \u2013 Indicador del nivel de bater\u00eda. \u2013 Scan. \u2013 Roaming.<\/li>\n<li>5 W de potencia VHF\/UHF .<\/li>\n<li>Excelente calidad de audio KENWOOD; perfil de audio TX \/ RX con procesador digital optimizable: \u2013 Ecualizador de audio; plano, alto, bajo. \u2013 Control de autoganancia; encendido, alto, bajo y apagado. \u2013 Supresor de ruido. \u2013 Configurador del tipo de micr\u00f3fono externo.<\/li>\n<\/ul>\n<h4>Modo Digital NXDN:<\/h4>\n<ul>\n<li>M\u00e9todo de acceso FDMA.<\/li>\n<li>Espacio entre canales de 12.5 y 6.25 kHz reales.<\/li>\n<li>Modo de operaci\u00f3n NXDN\u2122 convencional.<\/li>\n<li>Roaming.<\/li>\n<li>Llamada individual, de grupo y general.<\/li>\n<li>Mensajer\u00eda.<\/li>\n<li>Encriptaci\u00f3n con m\u00e1s de 32,000 c\u00f3digos diferentes.<\/li>\n<li>Entrada tard\u00eda.<\/li>\n<li>Env\u00edo de alias al aire.<\/li>\n<\/ul>\n<h4>Modo Digital DMR:<\/h4>\n<ul>\n<li>M\u00e9todo de acceso TDMA.<\/li>\n<li>Espacio entre canales de 12.5 kHz.<\/li>\n<li>Modo de operaci\u00f3n DMR Tier II (convencional).<\/li>\n<li>Roaming.<\/li>\n<li>Selecci\u00f3n autom\u00e1tica de slot buscando el primer slot disponible. Simulando un trunking b\u00e1sico.<\/li>\n<li>Doble slot en modo directo.<\/li>\n<li>Interrupci\u00f3n de llamadas (radios KENWOOD).<\/li>\n<li>Llamada individual, de grupo y general.<\/li>\n<li>Mensajer\u00eda.<\/li>\n<li>Encriptaci\u00f3n con m\u00e1s de 32,000 c\u00f3digos diferentes.<\/li>\n<li>Encriptaci\u00f3n ARC4 opcional. Compatible con otras marcas.<\/li>\n<li>Entrada tard\u00eda.<\/li>\n<li>Env\u00edo de alias al aire.<\/li>\n<\/ul>\n<h4>Modo FM Anal\u00f3gico:<\/h4>\n<ul>\n<li>Modo de operaci\u00f3n anal\u00f3gico convencional.<\/li>\n<li>FleetSync\u2122.<\/li>\n<li>DTMF.<\/li>\n<li>MDC1200.<\/li>\n<li>Scrambler por inversi\u00f3n de voz.<\/li>\n<\/ul>\n<p>PARA MAYOR INFORMACI\u00d3N NOS PUEDE ENVIAR UN CORREO ELECTR\u00d3NICO A VENTAS@SARRAF.CL Y UN EJECUTIVO ATENDER\u00c1 SUS REQUERIMIENTOS<\/p>\n","protected":false},"excerpt":{"rendered":"<p>PORTATIL KENWOOD VHF NX-1200NK 64 CANALES<\/p>\n<p>&nbsp;<\/p>\n<p>Transceptor port\u00e1til digital NXDN y anal\u00f3gico. Sin pantalla. Rango 136-174 MHz, 5 Watts, 64 canales, roaming, encriptaci\u00f3n, incluye antena, bater\u00eda 2000mAh, cargador de mesa y clip de cintur\u00f3n.<\/p>\n<p>&nbsp;<\/p>\n<p>PARA MAYOR INFORMACI\u00d3N NOS PUEDE ENVIAR UN CORREO ELECTR\u00d3NICO A VENTAS@SARRAF.CL Y UN EJECUTIVO ATENDER\u00c1 SUS REQUERIMIENTOS<\/p>\n","protected":false},"featured_media":1539,"comment_status":"open","ping_status":"closed","template":"","meta":[],"_links":{"self":[{"href":"http:\/\/sarraf.cl\/Web\/wp-json\/wp\/v2\/product\/1551"}],"collection":[{"href":"http:\/\/sarraf.cl\/Web\/wp-json\/wp\/v2\/product"}],"about":[{"href":"http:\/\/sarraf.cl\/Web\/wp-json\/wp\/v2\/types\/product"}],"replies":[{"embeddable":true,"href":"http:\/\/sarraf.cl\/Web\/wp-json\/wp\/v2\/comments?post=1551"}],"wp:featuredmedia":[{"embeddable":true,"href":"http:\/\/sarraf.cl\/Web\/wp-json\/wp\/v2\/media\/1539"}],"wp:attachment":[{"href":"http:\/\/sarraf.cl\/Web\/wp-json\/wp\/v2\/media?parent=1551"}],"curies":[{"name":"wp","href":"https:\/\/api.w.org\/{rel}","templated":true}]}}