{"id":1535,"date":"2023-03-11T09:32:36","date_gmt":"2023-03-11T13:32:36","guid":{"rendered":"http:\/\/sarraf.cl\/Web\/?post_type=product&#038;p=1535"},"modified":"2023-03-11T09:32:37","modified_gmt":"2023-03-11T13:32:37","slug":"portatil-vhf-kenwood-nx-1200ak-analogo-5-watts","status":"publish","type":"product","link":"http:\/\/sarraf.cl\/Web\/producto\/portatil-vhf-kenwood-nx-1200ak-analogo-5-watts\/","title":{"rendered":"PORTATIL VHF KENWOOD NX-1200AK ANALOGO 5 WATTS"},"content":{"rendered":"<h1 class=\"mt0\">Radio Portatil Vhf Analogo NX1200AK Kenwood<\/h1>\n<p>NX-1200AK \/ radio port\u00e1til de 5W de potencia, eficientes y<\/p>\n<p>funcionales, que operan en modo FM anal\u00f3gico. Si hablamos de funciones, es el m\u00e1s<\/p>\n<p>completo en su categor\u00eda, simple de operar y de excelente de rendimiento al poseer<\/p>\n<p>dise\u00f1o y tecnolog\u00eda de \u00faltima generaci\u00f3n en radiocomunicaciones.<\/p>\n<p>El NX-1200AK viene a reemplazar al discontinuado modelo TK-2402K \/<\/p>\n<p>. Ocupa los mismos accesorios (bater\u00eda KNB-45L, cargador KSC-35e, antena<\/p>\n<p>KRA-26 o KRA-27, clip KBH-10). Otras caracter\u00edsticas incluyen un LED de 7 colores<\/p>\n<p>indicador de funciones y estados; conector de accesorios de audio de 2 pines<\/p>\n<p>KENWOOD.<\/p>\n<p>PARA PRECIOS MAYOR INFORMACI\u00d3N FAVOR ENVIENOS UN CORREO A VENTAS@SARRAF.CL Y UN EJECUTIVO LE ATENDER\u00c1 .<\/p>\n","protected":false},"excerpt":{"rendered":"<p>PORTATIL PROFESIONAL<\/p>\n<p>MARCA: KENWOOD<\/p>\n<p>MODELO: NX-1200AK<\/p>\n<p>MODO: ANALOGA<\/p>\n<p>RANGO DE OPERACI\u00d3N : 136-174 MHZ<\/p>\n<p>POTENCIA : 5 WATTS<\/p>\n<p>CANTIDAD DE CANALES : 64\u00a0 CANTIDAD DE ZONAS : 4<\/p>\n<p>ECUALIZADOR DE AUDIO\u00a0 ANUNCIO POR VOZ<\/p>\n<p>MULTIPLES FUNCIONES<\/p>\n<p>PARA PRECIOS MAYOR INFORMACI\u00d3N FAVOR ENVIENOS UN CORREO A VENTAS@SARRAF.CL Y UN EJECUTIVO LE ATENDER\u00c1 .<\/p>\n<p>&nbsp;<\/p>\n","protected":false},"featured_media":1536,"comment_status":"open","ping_status":"closed","template":"","meta":[],"_links":{"self":[{"href":"http:\/\/sarraf.cl\/Web\/wp-json\/wp\/v2\/product\/1535"}],"collection":[{"href":"http:\/\/sarraf.cl\/Web\/wp-json\/wp\/v2\/product"}],"about":[{"href":"http:\/\/sarraf.cl\/Web\/wp-json\/wp\/v2\/types\/product"}],"replies":[{"embeddable":true,"href":"http:\/\/sarraf.cl\/Web\/wp-json\/wp\/v2\/comments?post=1535"}],"wp:featuredmedia":[{"embeddable":true,"href":"http:\/\/sarraf.cl\/Web\/wp-json\/wp\/v2\/media\/1536"}],"wp:attachment":[{"href":"http:\/\/sarraf.cl\/Web\/wp-json\/wp\/v2\/media?parent=1535"}],"curies":[{"name":"wp","href":"https:\/\/api.w.org\/{rel}","templated":true}]}}