{"id":1043,"date":"2019-04-02T12:51:29","date_gmt":"2019-04-02T16:51:29","guid":{"rendered":"http:\/\/sarraf.cl\/Web\/?post_type=product&#038;p=1043"},"modified":"2020-04-07T23:42:00","modified_gmt":"2020-04-08T03:42:00","slug":"portatil-wgc-1u-uhffm-ultra-compacto-16-canales","status":"publish","type":"product","link":"http:\/\/sarraf.cl\/Web\/producto\/portatil-wgc-1u-uhffm-ultra-compacto-16-canales\/","title":{"rendered":"PORTATIL WGC-1U UHF\/FM ULTRA COMPACTO 16 CANALES"},"content":{"rendered":"<p><strong>WGC-1U, Transceptor Port\u00e1til 16 canales UHF 400-470 MHZ 5W<\/strong><\/p>\n<p><strong>Modelo WGC-1U, cuenta con un dise\u00f1o elegante, ergon\u00f3mico, compacto y<\/strong><\/p>\n<p><strong>ligero, junto a un sonido excepcional. Sus <\/strong><strong><sup>Radios de Dos v\u00edas<\/sup><\/strong><strong> 5 Watts de potencia en UHF permite llegar<\/strong><\/p>\n<p><strong>a lugares en los cuales no es posible llegar con otras radios. La bater\u00eda de alta capacidad permite una duraci\u00f3n superior a 9 horas de uso. Esta es la soluci\u00f3n perfecta para edificios, condominios, subterr\u00e1neos, galpones, hoteles, tiendas, escuelas, y peque\u00f1as industrias.<\/strong><\/p>\n<p><strong><u>Caracter\u00edsticas<\/u><\/strong><\/p>\n<p>&nbsp;<\/p>\n<ul>\n<li><strong>Amplia cobertura, potencia de salida: 5 W.<\/strong><\/li>\n<\/ul>\n<p><strong>\u00a0<\/strong><strong>Bater\u00eda de alta capacidad (1500 mAh).<\/strong><\/p>\n<p><strong>\u00a0<\/strong><\/p>\n<ul>\n<li><strong>Elegante, delgado, compacto y ligero.<\/strong><\/li>\n<\/ul>\n<p><strong>\u00a0<\/strong><\/p>\n<ul>\n<li><strong>Cargador pedestal. Permite cargar la radio y una bater\u00eda adicional al mismo tiempo.<\/strong><\/li>\n<\/ul>\n<p><strong>\u00a0<\/strong><\/p>\n<p><strong>Perfecta relaci\u00f3n precio, calidad<\/strong><\/p>\n<table>\n<tbody>\n<tr>\n<td width=\"164\"><strong>Rango de frecuencia<\/strong><\/td>\n<td width=\"180\"><strong>UHF 400-470 MHz<\/strong><\/td>\n<td width=\"0\"><\/td>\n<\/tr>\n<tr>\n<td width=\"164\"><\/td>\n<td width=\"180\"><\/td>\n<td width=\"0\"><\/td>\n<\/tr>\n<tr>\n<td width=\"164\"><strong>Capacidad de canales<\/strong><\/td>\n<td width=\"180\"><strong>16<\/strong><\/td>\n<td width=\"0\"><\/td>\n<\/tr>\n<tr>\n<td width=\"164\"><\/td>\n<td width=\"180\"><\/td>\n<td width=\"0\"><\/td>\n<\/tr>\n<tr>\n<td width=\"164\"><strong>Potencia<\/strong><\/td>\n<td width=\"180\"><strong>5 Watts<\/strong><\/td>\n<td width=\"0\"><\/td>\n<\/tr>\n<tr>\n<td width=\"164\"><\/td>\n<td width=\"180\"><\/td>\n<td width=\"0\"><\/td>\n<\/tr>\n<tr>\n<td width=\"164\"><strong>Espaciamiento de canal<\/strong><\/td>\n<td width=\"180\"><strong>25 y 12,5 KHz (Wide y Narrow)<\/strong><\/td>\n<td width=\"0\"><\/td>\n<\/tr>\n<tr>\n<td width=\"164\"><\/td>\n<td width=\"180\"><\/td>\n<td width=\"0\"><\/td>\n<\/tr>\n<tr>\n<td width=\"164\"><strong>Bater\u00eda<\/strong><\/td>\n<td width=\"180\"><strong>1500 mAh (Ion Litio)<\/strong><\/td>\n<td width=\"0\"><\/td>\n<\/tr>\n<tr>\n<td width=\"164\"><\/td>\n<td width=\"180\"><\/td>\n<td width=\"0\"><\/td>\n<\/tr>\n<tr>\n<td width=\"164\"><strong>Duraci\u00f3n bater\u00eda (en ciclo<\/strong><\/td>\n<td rowspan=\"2\" width=\"180\"><strong>9 horas<\/strong><\/td>\n<td width=\"0\"><\/td>\n<\/tr>\n<tr>\n<td rowspan=\"2\" width=\"164\"><strong>est\u00e1ndar 5-5-90)<\/strong><\/td>\n<\/tr>\n<tr>\n<td width=\"180\"><\/td>\n<td width=\"0\"><\/td>\n<\/tr>\n<tr>\n<td width=\"164\"><strong>Potencia ajustable<\/strong><\/td>\n<td width=\"180\"><strong>2 Watt (Low), 5 Watt (High)<\/strong><\/td>\n<td width=\"0\"><\/td>\n<\/tr>\n<tr>\n<td width=\"164\"><\/td>\n<td width=\"180\"><\/td>\n<td width=\"0\"><\/td>\n<\/tr>\n<tr>\n<td width=\"164\"><strong>Temperatura de Operaci\u00f3n<\/strong><\/td>\n<td width=\"180\"><strong>-30\u00b0c-+60\u00b0c<\/strong><\/td>\n<td width=\"0\"><\/td>\n<\/tr>\n<tr>\n<td width=\"164\"><\/td>\n<td width=\"180\"><\/td>\n<td width=\"0\"><\/td>\n<\/tr>\n<tr>\n<td width=\"164\"><strong>Impedancia de la antena<\/strong><\/td>\n<td width=\"180\"><strong>50\u03a9<\/strong><\/td>\n<td width=\"0\"><\/td>\n<\/tr>\n<tr>\n<td width=\"164\"><\/td>\n<td width=\"180\"><\/td>\n<td width=\"0\"><\/td>\n<\/tr>\n<tr>\n<td width=\"164\"><strong>Dimensi\u00f3n (sin antena)<\/strong><\/td>\n<td width=\"180\"><strong>110\u00d750\u00d732 mm<\/strong><\/td>\n<td width=\"0\"><\/td>\n<\/tr>\n<tr>\n<td width=\"164\"><\/td>\n<td width=\"180\"><\/td>\n<td width=\"0\"><\/td>\n<\/tr>\n<tr>\n<td width=\"164\"><strong>Peso (con bater\u00eda y antena)<\/strong><\/td>\n<td width=\"180\"><strong>198g<\/strong><\/td>\n<td width=\"0\"><\/td>\n<\/tr>\n<tr>\n<td width=\"164\"><\/td>\n<td width=\"180\"><\/td>\n<td width=\"0\"><\/td>\n<\/tr>\n<tr>\n<td rowspan=\"2\" width=\"164\"><strong>Rango de cobertura<\/strong><\/td>\n<td width=\"180\"><strong>Entre 3 a 4 kil\u00f3metros aprox.<\/strong><\/td>\n<td width=\"0\"><\/td>\n<\/tr>\n<tr>\n<td width=\"180\"><strong>(dependiendo de lugar de uso)<\/strong><\/td>\n<td width=\"0\"><\/td>\n<\/tr>\n<\/tbody>\n<\/table>\n<p>&nbsp;<\/p>\n<p><strong>CONSULTE DISPONIBILIDAD Y VALORES DE ESTE PRODUCTO AL SIGUIENTE CORREO<\/strong><\/p>\n<p><strong>ventas@sarraf.cl<\/strong><\/p>\n","protected":false},"excerpt":{"rendered":"<p>WGC-1U, Transceptor Port\u00e1til 16 canales UHF 400-470 MHZ 5W Modelo WGC-1U, cuenta con un dise\u00f1o elegante, ergon\u00f3mico, compacto y ligero, junto a un sonido excepcional. Sus Radios de Dos v\u00edas 5 Watts de potencia en UHF permite llegar a lugares en los cuales no es posible llegar con otras radios. La bater\u00eda de alta capacidad [&hellip;]<\/p>\n","protected":false},"featured_media":1044,"comment_status":"open","ping_status":"closed","template":"","meta":[],"_links":{"self":[{"href":"http:\/\/sarraf.cl\/Web\/wp-json\/wp\/v2\/product\/1043"}],"collection":[{"href":"http:\/\/sarraf.cl\/Web\/wp-json\/wp\/v2\/product"}],"about":[{"href":"http:\/\/sarraf.cl\/Web\/wp-json\/wp\/v2\/types\/product"}],"replies":[{"embeddable":true,"href":"http:\/\/sarraf.cl\/Web\/wp-json\/wp\/v2\/comments?post=1043"}],"wp:featuredmedia":[{"embeddable":true,"href":"http:\/\/sarraf.cl\/Web\/wp-json\/wp\/v2\/media\/1044"}],"wp:attachment":[{"href":"http:\/\/sarraf.cl\/Web\/wp-json\/wp\/v2\/media?parent=1043"}],"curies":[{"name":"wp","href":"https:\/\/api.w.org\/{rel}","templated":true}]}}